{"id":3217,"date":"2018-05-20T16:33:07","date_gmt":"2018-05-20T15:33:07","guid":{"rendered":"http:\/\/olivier.hoarau.org\/?page_id=3217"},"modified":"2020-11-14T14:56:48","modified_gmt":"2020-11-14T13:56:48","slug":"ferte-alais-2018","status":"publish","type":"page","link":"https:\/\/olivier.hoarau.org\/?page_id=3217","title":{"rendered":"Fert\u00e9 Alais 2018"},"content":{"rendered":"<p>Meeting a\u00e9rien de la Fert\u00e9 Alais le 19 mai 2018 organis\u00e9 par l&rsquo;a<span data-original-name=\"Amicale Jean-Baptiste Salis\">micale Jean-Baptiste Salis<\/span><\/p>\n\n\nngg_shortcode_0_placeholder\n","protected":false},"excerpt":{"rendered":"<p>Meeting a\u00e9rien de la Fert\u00e9 Alais le 19 mai 2018 organis\u00e9 par l&rsquo;amicale Jean-Baptiste Salis<\/p>\n","protected":false},"author":4,"featured_media":0,"parent":1053,"menu_order":0,"comment_status":"closed","ping_status":"closed","template":"page-templates\/full-width.php","meta":{"ngg_post_thumbnail":0,"jetpack_post_was_ever_published":false,"footnotes":""},"class_list":["post-3217","page","type-page","status-publish","hentry"],"jetpack_sharing_enabled":true,"jetpack_shortlink":"https:\/\/wp.me\/PeOjJ-PT","jetpack_likes_enabled":true,"_links":{"self":[{"href":"https:\/\/olivier.hoarau.org\/index.php?rest_route=\/wp\/v2\/pages\/3217","targetHints":{"allow":["GET"]}}],"collection":[{"href":"https:\/\/olivier.hoarau.org\/index.php?rest_route=\/wp\/v2\/pages"}],"about":[{"href":"https:\/\/olivier.hoarau.org\/index.php?rest_route=\/wp\/v2\/types\/page"}],"author":[{"embeddable":true,"href":"https:\/\/olivier.hoarau.org\/index.php?rest_route=\/wp\/v2\/users\/4"}],"replies":[{"embeddable":true,"href":"https:\/\/olivier.hoarau.org\/index.php?rest_route=%2Fwp%2Fv2%2Fcomments&post=3217"}],"version-history":[{"count":6,"href":"https:\/\/olivier.hoarau.org\/index.php?rest_route=\/wp\/v2\/pages\/3217\/revisions"}],"predecessor-version":[{"id":4208,"href":"https:\/\/olivier.hoarau.org\/index.php?rest_route=\/wp\/v2\/pages\/3217\/revisions\/4208"}],"up":[{"embeddable":true,"href":"https:\/\/olivier.hoarau.org\/index.php?rest_route=\/wp\/v2\/pages\/1053"}],"wp:attachment":[{"href":"https:\/\/olivier.hoarau.org\/index.php?rest_route=%2Fwp%2Fv2%2Fmedia&parent=3217"}],"curies":[{"name":"wp","href":"https:\/\/api.w.org\/{rel}","templated":true}]}}