{"id":2041,"date":"2015-04-04T09:58:10","date_gmt":"2015-04-04T08:58:10","guid":{"rendered":"http:\/\/olivier.hoarau.org\/?page_id=2041"},"modified":"2017-01-31T18:04:21","modified_gmt":"2017-01-31T17:04:21","slug":"saint-honorat","status":"publish","type":"page","link":"https:\/\/olivier.hoarau.org\/?page_id=2041","title":{"rendered":"Saint Honorat"},"content":{"rendered":"<p style=\"text-align: justify;\">Saint Honorat est l&rsquo;une des trois \u00eeles des Lerins dans le d\u00e9partement des Alpes maritimes situ\u00e9es dans la baie de Cannes. Elle h\u00e9berge le monast\u00e8re de Lerins.<\/p>\nngg_shortcode_0_placeholder\n<p>&nbsp;<\/p>\n","protected":false},"excerpt":{"rendered":"<p>Saint Honorat est l&rsquo;une des trois \u00eeles des Lerins dans le d\u00e9partement des Alpes maritimes situ\u00e9es dans la baie de Cannes. Elle h\u00e9berge le monast\u00e8re de Lerins. &nbsp;<\/p>\n","protected":false},"author":4,"featured_media":0,"parent":1638,"menu_order":0,"comment_status":"closed","ping_status":"open","template":"page-templates\/full-width.php","meta":{"ngg_post_thumbnail":0,"jetpack_post_was_ever_published":false,"footnotes":""},"class_list":["post-2041","page","type-page","status-publish","hentry"],"jetpack_sharing_enabled":true,"jetpack_shortlink":"https:\/\/wp.me\/PeOjJ-wV","jetpack_likes_enabled":true,"_links":{"self":[{"href":"https:\/\/olivier.hoarau.org\/index.php?rest_route=\/wp\/v2\/pages\/2041","targetHints":{"allow":["GET"]}}],"collection":[{"href":"https:\/\/olivier.hoarau.org\/index.php?rest_route=\/wp\/v2\/pages"}],"about":[{"href":"https:\/\/olivier.hoarau.org\/index.php?rest_route=\/wp\/v2\/types\/page"}],"author":[{"embeddable":true,"href":"https:\/\/olivier.hoarau.org\/index.php?rest_route=\/wp\/v2\/users\/4"}],"replies":[{"embeddable":true,"href":"https:\/\/olivier.hoarau.org\/index.php?rest_route=%2Fwp%2Fv2%2Fcomments&post=2041"}],"version-history":[{"count":6,"href":"https:\/\/olivier.hoarau.org\/index.php?rest_route=\/wp\/v2\/pages\/2041\/revisions"}],"predecessor-version":[{"id":2813,"href":"https:\/\/olivier.hoarau.org\/index.php?rest_route=\/wp\/v2\/pages\/2041\/revisions\/2813"}],"up":[{"embeddable":true,"href":"https:\/\/olivier.hoarau.org\/index.php?rest_route=\/wp\/v2\/pages\/1638"}],"wp:attachment":[{"href":"https:\/\/olivier.hoarau.org\/index.php?rest_route=%2Fwp%2Fv2%2Fmedia&parent=2041"}],"curies":[{"name":"wp","href":"https:\/\/api.w.org\/{rel}","templated":true}]}}