{"id":189,"date":"2006-04-17T11:26:33","date_gmt":"2006-04-17T09:26:33","guid":{"rendered":"http:\/\/blog.funix.org\/?page_id=3"},"modified":"2025-04-20T09:45:01","modified_gmt":"2025-04-20T08:45:01","slug":"a-propos-de-lauteur","status":"publish","type":"page","link":"https:\/\/olivier.hoarau.org\/?page_id=189","title":{"rendered":"A propos de l&rsquo;auteur"},"content":{"rendered":"\n<p>Je suis n\u00e9 sous le brouillard \u00e9pais de Lyon, par une froide journ\u00e9e de f\u00e9vrier 1971, pourtant rien ne me pr\u00e9disposait \u00e0 appara\u00eetre sous de tels cieux vu que depuis des g\u00e9n\u00e9rations ma famille vit sous des latitudes autrement plus cl\u00e9mentes, \u00e0 savoir sur l&rsquo;\u00eele de la R\u00e9union. J&rsquo;ai grandi au milieu des vignes et de la garrigue gardoise dans un petit village r\u00e9put\u00e9 pour son vin, <a title=\"Tavel\" href=\"http:\/\/fr.wikipedia.org\/wiki\/Tavel_%28Gard%29\">Tavel<\/a>.<br>Apr\u00e8s des \u00e9tudes scientifiques, \u00e0 l&rsquo;issue des classes pr\u00e9paratoires j&rsquo;ai int\u00e9gr\u00e9 l&rsquo;<a title=\"ENSTA Bretagne\" href=\"http:\/\/www.ensta-bretagne.fr\/\u200e\">ENSTA-Bretagne<\/a> (anciennement ENSIETA) que j&rsquo;ai quitt\u00e9 avec un dipl\u00f4me d&rsquo;ing\u00e9nieur en \u00e9lectronique avec une sp\u00e9cialisation en informatique.<\/p>\n\n\n\n<p>Je suis d&rsquo;un naturel sportif, grand adepte de windsurf (<a href=\"https:\/\/www.hoarau.org\/funboard\/index.php?ref=carnet-session25\">mes sessions 2025<\/a>) une de mes passions favorites, de plong\u00e9e bouteille (niveau III &#8211; <a href=\"http:\/\/www.hoarau.org\/plongee\/carnet.htm\">mon<\/a><a href=\"http:\/\/olivier.funix.org\/plongee\/carnet.htm\"> carnet de plong\u00e9e en ligne<\/a>), et accessoirement de course \u00e0 pied (2h57&rsquo;35\u00a0\u00bb au Marathon de Paris 2008).<\/p>\n\n\n\n<p>Pour me contacter c&rsquo;est par <a href=\"mailto:olivier.hoarau@funix.org\">l\u00e0<\/a>.<\/p>\n","protected":false},"excerpt":{"rendered":"<p>Je suis n\u00e9 sous le brouillard \u00e9pais de Lyon, par une froide journ\u00e9e de f\u00e9vrier 1971, pourtant rien ne me pr\u00e9disposait \u00e0 appara\u00eetre sous de tels cieux vu que depuis des g\u00e9n\u00e9rations ma famille vit sous des latitudes autrement plus cl\u00e9mentes, \u00e0 savoir sur l&rsquo;\u00eele de la R\u00e9union. J&rsquo;ai grandi au milieu des vignes et &hellip; <a href=\"https:\/\/olivier.hoarau.org\/?page_id=189\" class=\"more-link\">Continuer la lecture de <span class=\"screen-reader-text\">A propos de l&rsquo;auteur<\/span>  <span class=\"meta-nav\">&rarr;<\/span><\/a><\/p>\n","protected":false},"author":2,"featured_media":0,"parent":0,"menu_order":0,"comment_status":"closed","ping_status":"open","template":"","meta":{"ngg_post_thumbnail":0,"jetpack_post_was_ever_published":false,"footnotes":""},"class_list":["post-189","page","type-page","status-publish","hentry"],"jetpack_sharing_enabled":true,"jetpack_shortlink":"https:\/\/wp.me\/PeOjJ-33","jetpack_likes_enabled":true,"_links":{"self":[{"href":"https:\/\/olivier.hoarau.org\/index.php?rest_route=\/wp\/v2\/pages\/189","targetHints":{"allow":["GET"]}}],"collection":[{"href":"https:\/\/olivier.hoarau.org\/index.php?rest_route=\/wp\/v2\/pages"}],"about":[{"href":"https:\/\/olivier.hoarau.org\/index.php?rest_route=\/wp\/v2\/types\/page"}],"author":[{"embeddable":true,"href":"https:\/\/olivier.hoarau.org\/index.php?rest_route=\/wp\/v2\/users\/2"}],"replies":[{"embeddable":true,"href":"https:\/\/olivier.hoarau.org\/index.php?rest_route=%2Fwp%2Fv2%2Fcomments&post=189"}],"version-history":[{"count":14,"href":"https:\/\/olivier.hoarau.org\/index.php?rest_route=\/wp\/v2\/pages\/189\/revisions"}],"predecessor-version":[{"id":6791,"href":"https:\/\/olivier.hoarau.org\/index.php?rest_route=\/wp\/v2\/pages\/189\/revisions\/6791"}],"wp:attachment":[{"href":"https:\/\/olivier.hoarau.org\/index.php?rest_route=%2Fwp%2Fv2%2Fmedia&parent=189"}],"curies":[{"name":"wp","href":"https:\/\/api.w.org\/{rel}","templated":true}]}}