{"id":1761,"date":"2014-07-23T18:10:42","date_gmt":"2014-07-23T17:10:42","guid":{"rendered":"http:\/\/olivier.hoarau.org\/?page_id=1761"},"modified":"2017-01-31T17:45:59","modified_gmt":"2017-01-31T16:45:59","slug":"mont-saint-michel","status":"publish","type":"page","link":"https:\/\/olivier.hoarau.org\/?page_id=1761","title":{"rendered":"Mont Saint Michel"},"content":{"rendered":"<p style=\"text-align: justify;\">Bon ok, c&rsquo;est pas vraiment un ch\u00e2teau, il serait plus judicieux de le classer dans une cat\u00e9gorie cath\u00e9drale. Le mont Saint Michel porte le\u00a0 surnom de merveille et \u00e7a lui va plut\u00f4t bien, \u00e0 d\u00e9couvrir en dehors des p\u00e9riodes d&rsquo;affluence si vous voulez \u00e9viter la foule.<\/p>\nngg_shortcode_0_placeholder\n","protected":false},"excerpt":{"rendered":"<p>Bon ok, c&rsquo;est pas vraiment un ch\u00e2teau, il serait plus judicieux de le classer dans une cat\u00e9gorie cath\u00e9drale. Le mont Saint Michel porte le\u00a0 surnom de merveille et \u00e7a lui va plut\u00f4t bien, \u00e0 d\u00e9couvrir en dehors des p\u00e9riodes d&rsquo;affluence si vous voulez \u00e9viter la foule.<\/p>\n","protected":false},"author":4,"featured_media":0,"parent":2396,"menu_order":0,"comment_status":"closed","ping_status":"open","template":"page-templates\/full-width.php","meta":{"ngg_post_thumbnail":0,"footnotes":""},"class_list":["post-1761","page","type-page","status-publish","hentry"],"jetpack_sharing_enabled":true,"jetpack_shortlink":"https:\/\/wp.me\/PeOjJ-sp","jetpack_likes_enabled":true,"_links":{"self":[{"href":"https:\/\/olivier.hoarau.org\/index.php?rest_route=\/wp\/v2\/pages\/1761","targetHints":{"allow":["GET"]}}],"collection":[{"href":"https:\/\/olivier.hoarau.org\/index.php?rest_route=\/wp\/v2\/pages"}],"about":[{"href":"https:\/\/olivier.hoarau.org\/index.php?rest_route=\/wp\/v2\/types\/page"}],"author":[{"embeddable":true,"href":"https:\/\/olivier.hoarau.org\/index.php?rest_route=\/wp\/v2\/users\/4"}],"replies":[{"embeddable":true,"href":"https:\/\/olivier.hoarau.org\/index.php?rest_route=%2Fwp%2Fv2%2Fcomments&post=1761"}],"version-history":[{"count":6,"href":"https:\/\/olivier.hoarau.org\/index.php?rest_route=\/wp\/v2\/pages\/1761\/revisions"}],"predecessor-version":[{"id":2803,"href":"https:\/\/olivier.hoarau.org\/index.php?rest_route=\/wp\/v2\/pages\/1761\/revisions\/2803"}],"up":[{"embeddable":true,"href":"https:\/\/olivier.hoarau.org\/index.php?rest_route=\/wp\/v2\/pages\/2396"}],"wp:attachment":[{"href":"https:\/\/olivier.hoarau.org\/index.php?rest_route=%2Fwp%2Fv2%2Fmedia&parent=1761"}],"curies":[{"name":"wp","href":"https:\/\/api.w.org\/{rel}","templated":true}]}}