{"id":1455,"date":"2013-12-15T19:33:57","date_gmt":"2013-12-15T18:33:57","guid":{"rendered":"http:\/\/olivier.hoarau.org\/?page_id=1455"},"modified":"2017-01-31T17:00:29","modified_gmt":"2017-01-31T16:00:29","slug":"ile-de-bernardo","status":"publish","type":"page","link":"https:\/\/olivier.hoarau.org\/?page_id=1455","title":{"rendered":"Ile de Bernardo"},"content":{"rendered":"<p>Ile de Bernardo \u00e0 quelques encablures de Rio de Janeiro, une \u00eele paradisiaque devenue repaire \u00e0 touristes pendant la journ\u00e9e<\/p>\nngg_shortcode_0_placeholder\n","protected":false},"excerpt":{"rendered":"<p>Ile de Bernardo \u00e0 quelques encablures de Rio de Janeiro, une \u00eele paradisiaque devenue repaire \u00e0 touristes pendant la journ\u00e9e<\/p>\n","protected":false},"author":4,"featured_media":0,"parent":1458,"menu_order":0,"comment_status":"closed","ping_status":"open","template":"page-templates\/full-width.php","meta":{"ngg_post_thumbnail":0,"jetpack_post_was_ever_published":false,"footnotes":""},"class_list":["post-1455","page","type-page","status-publish","hentry"],"jetpack_sharing_enabled":true,"jetpack_shortlink":"https:\/\/wp.me\/PeOjJ-nt","jetpack_likes_enabled":true,"_links":{"self":[{"href":"https:\/\/olivier.hoarau.org\/index.php?rest_route=\/wp\/v2\/pages\/1455","targetHints":{"allow":["GET"]}}],"collection":[{"href":"https:\/\/olivier.hoarau.org\/index.php?rest_route=\/wp\/v2\/pages"}],"about":[{"href":"https:\/\/olivier.hoarau.org\/index.php?rest_route=\/wp\/v2\/types\/page"}],"author":[{"embeddable":true,"href":"https:\/\/olivier.hoarau.org\/index.php?rest_route=\/wp\/v2\/users\/4"}],"replies":[{"embeddable":true,"href":"https:\/\/olivier.hoarau.org\/index.php?rest_route=%2Fwp%2Fv2%2Fcomments&post=1455"}],"version-history":[{"count":4,"href":"https:\/\/olivier.hoarau.org\/index.php?rest_route=\/wp\/v2\/pages\/1455\/revisions"}],"predecessor-version":[{"id":2773,"href":"https:\/\/olivier.hoarau.org\/index.php?rest_route=\/wp\/v2\/pages\/1455\/revisions\/2773"}],"up":[{"embeddable":true,"href":"https:\/\/olivier.hoarau.org\/index.php?rest_route=\/wp\/v2\/pages\/1458"}],"wp:attachment":[{"href":"https:\/\/olivier.hoarau.org\/index.php?rest_route=%2Fwp%2Fv2%2Fmedia&parent=1455"}],"curies":[{"name":"wp","href":"https:\/\/api.w.org\/{rel}","templated":true}]}}