{"id":1262,"date":"2013-06-30T15:53:31","date_gmt":"2013-06-30T14:53:31","guid":{"rendered":"http:\/\/olivier.hoarau.org\/?page_id=1262"},"modified":"2017-01-31T17:40:20","modified_gmt":"2017-01-31T16:40:20","slug":"uss-laffey","status":"publish","type":"page","link":"https:\/\/olivier.hoarau.org\/?page_id=1262","title":{"rendered":"USS Laffey"},"content":{"rendered":"<p style=\"text-align: justify;\">Destroyer USS Laffey DD724 pr\u00e9serv\u00e9 au mus\u00e9e Mount Pleasant \u00e0 Charleston aux Etats Unis. Bateau ayant particip\u00e9 au d\u00e9barquement de Normandie et surv\u00e9cu \u00e0 une attaque de kamikaze devant Okinawa<\/p>\nngg_shortcode_0_placeholder\n","protected":false},"excerpt":{"rendered":"<p>Destroyer USS Laffey DD724 pr\u00e9serv\u00e9 au mus\u00e9e Mount Pleasant \u00e0 Charleston aux Etats Unis. Bateau ayant particip\u00e9 au d\u00e9barquement de Normandie et surv\u00e9cu \u00e0 une attaque de kamikaze devant Okinawa<\/p>\n","protected":false},"author":4,"featured_media":0,"parent":1264,"menu_order":0,"comment_status":"closed","ping_status":"open","template":"page-templates\/full-width.php","meta":{"ngg_post_thumbnail":0,"jetpack_post_was_ever_published":false,"footnotes":""},"class_list":["post-1262","page","type-page","status-publish","hentry"],"jetpack_sharing_enabled":true,"jetpack_shortlink":"https:\/\/wp.me\/PeOjJ-km","jetpack_likes_enabled":true,"_links":{"self":[{"href":"https:\/\/olivier.hoarau.org\/index.php?rest_route=\/wp\/v2\/pages\/1262","targetHints":{"allow":["GET"]}}],"collection":[{"href":"https:\/\/olivier.hoarau.org\/index.php?rest_route=\/wp\/v2\/pages"}],"about":[{"href":"https:\/\/olivier.hoarau.org\/index.php?rest_route=\/wp\/v2\/types\/page"}],"author":[{"embeddable":true,"href":"https:\/\/olivier.hoarau.org\/index.php?rest_route=\/wp\/v2\/users\/4"}],"replies":[{"embeddable":true,"href":"https:\/\/olivier.hoarau.org\/index.php?rest_route=%2Fwp%2Fv2%2Fcomments&post=1262"}],"version-history":[{"count":7,"href":"https:\/\/olivier.hoarau.org\/index.php?rest_route=\/wp\/v2\/pages\/1262\/revisions"}],"predecessor-version":[{"id":2798,"href":"https:\/\/olivier.hoarau.org\/index.php?rest_route=\/wp\/v2\/pages\/1262\/revisions\/2798"}],"up":[{"embeddable":true,"href":"https:\/\/olivier.hoarau.org\/index.php?rest_route=\/wp\/v2\/pages\/1264"}],"wp:attachment":[{"href":"https:\/\/olivier.hoarau.org\/index.php?rest_route=%2Fwp%2Fv2%2Fmedia&parent=1262"}],"curies":[{"name":"wp","href":"https:\/\/api.w.org\/{rel}","templated":true}]}}