{"id":1089,"date":"2013-01-04T10:48:31","date_gmt":"2013-01-04T09:48:31","guid":{"rendered":"http:\/\/olivier.hoarau.org\/?page_id=1089"},"modified":"2013-06-30T13:19:03","modified_gmt":"2013-06-30T12:19:03","slug":"le-coin-du-tankiste","status":"publish","type":"page","link":"https:\/\/olivier.hoarau.org\/?page_id=1089","title":{"rendered":"Mus\u00e9e des blind\u00e9s de Saumur"},"content":{"rendered":"<p>Ces photos ont \u00e9t\u00e9 prises lors d&rsquo;une visite du mus\u00e9e des blind\u00e9es de Saumur.<\/p>\nngg_shortcode_0_placeholder\n","protected":false},"excerpt":{"rendered":"<p>Ces photos ont \u00e9t\u00e9 prises lors d&rsquo;une visite du mus\u00e9e des blind\u00e9es de Saumur.<\/p>\n","protected":false},"author":4,"featured_media":0,"parent":1248,"menu_order":0,"comment_status":"closed","ping_status":"closed","template":"","meta":{"ngg_post_thumbnail":0,"jetpack_post_was_ever_published":false,"footnotes":""},"class_list":["post-1089","page","type-page","status-publish","hentry"],"jetpack_sharing_enabled":false,"jetpack_shortlink":"https:\/\/wp.me\/PeOjJ-hz","jetpack_likes_enabled":true,"_links":{"self":[{"href":"https:\/\/olivier.hoarau.org\/index.php?rest_route=\/wp\/v2\/pages\/1089","targetHints":{"allow":["GET"]}}],"collection":[{"href":"https:\/\/olivier.hoarau.org\/index.php?rest_route=\/wp\/v2\/pages"}],"about":[{"href":"https:\/\/olivier.hoarau.org\/index.php?rest_route=\/wp\/v2\/types\/page"}],"author":[{"embeddable":true,"href":"https:\/\/olivier.hoarau.org\/index.php?rest_route=\/wp\/v2\/users\/4"}],"replies":[{"embeddable":true,"href":"https:\/\/olivier.hoarau.org\/index.php?rest_route=%2Fwp%2Fv2%2Fcomments&post=1089"}],"version-history":[{"count":8,"href":"https:\/\/olivier.hoarau.org\/index.php?rest_route=\/wp\/v2\/pages\/1089\/revisions"}],"predecessor-version":[{"id":1252,"href":"https:\/\/olivier.hoarau.org\/index.php?rest_route=\/wp\/v2\/pages\/1089\/revisions\/1252"}],"up":[{"embeddable":true,"href":"https:\/\/olivier.hoarau.org\/index.php?rest_route=\/wp\/v2\/pages\/1248"}],"wp:attachment":[{"href":"https:\/\/olivier.hoarau.org\/index.php?rest_route=%2Fwp%2Fv2%2Fmedia&parent=1089"}],"curies":[{"name":"wp","href":"https:\/\/api.w.org\/{rel}","templated":true}]}}